1/6*d**3 + 0*d**2. Determine q(-1).
-3
Suppose 0 = -3*n - 2*i, -i = 3*n + 2*n - 7. Let m(k) = 5*k**2 + 7*k - 4*k**2 - n*k - 2*k. Suppose -b = 5*v + 3 + 11, -2*v - 3 = 3*b. Calculate m(v).
0
Let k(f) = -f + 11 + 9 - 23 + 4*f. What is k(-4)?
-15
Let k = -3 + -1. Let r(u) be the first derivative of -u**4/8 - u**3 - u**2/2 + 2. Let b(c) be the second derivative of r(c). Determine b(k).
6
Let t = 3 + 2. Suppose t*c + 5*r = 0, -5*r = 6*c - 5*c + 16. Let j be (3 - c/2) + -2. Let k(f) = 6*f**3 + 2*f + 1. Determine k(j).
-7
Let a(r) = -r**2 - r - 1. Let t(d) = 6*d**2 + 11*d. Let h(y) = -5*a(y) - t(y). What is h(-6)?
5
Let v(r) = 2*r + 1. Let z be (0 + -2)/(10/(-15)). Suppose d - 2 = z. Suppose d*w + 3*p = 11 - 4, -2*w - p + 3 = 0. Give v(w).
5
Let c(j) = -j**2 + 3*j + 1. Let y(v) = v + 1. Let p be y(3). Let u be (6/7)/(p/14). Give c(u).
1
Let f(l) = -2*l**2 + 3*l - 3. Suppose 2*w - 32 + 6 = -4*a, w + 5*a = 25. Suppose -6*r - 2*j = -2*r - 10, 0 = -w*r + 5*j + 5. Determine f(r).
-5
Let k(n) = -5*n**3 - 10*n**2 + 8. Let r(z) = -11*z**3 - 21*z**2 + 16. Let a(q) = -9*k(q) + 4*r(q). Suppose 2 = -l - 0, -5*l - 28 = 3*m. What is a(m)?
-8
Let u = -29 + 39. Let g(v) = v**3 - 10*v**2 + v - 6. Determine g(u).
4
Let o(b) = 2*b + 7. Suppose 5*k + 27 = -3*n + n, -3*n - 33 = 5*k. Give o(n).
-5
Let f(w) = 4*w**2 + 2 + 2*w**2 - 5*w**2 - 7 + 2*w. Give f(-4).
3
Let g(c) = 25 - 5 - 9 - 9 - c**3. Suppose -3*r - 5*s + 11 = 0, -s + 2 = 3*r - 5. Give g(r).
-6
Let r(w) = w**3 + 4*w**2 - 2*w - 5. Let m = -5 + 5. Let l be 2 - (0 - (0 - 0)). Suppose l*v - 1 + 9 = m. Determine r(v).
3
Suppose -30 = -5*b - 4*s, -5*b = -3*s + 3 + 2. Let h(x) = -x + 6. Let g be h(6). Let i(w) = 0*w + b + w + g*w. Calculate i(0).
2
Let i(h) = h**2 + 5*h + 3. Let y be i(-5). Suppose -3*q + 12 = 0, q - 28 = y*b + 15. Let u = -8 - b. Let g(j) = j**3 - 5*j**2 + 4. What is g(u)?
4
Let s(c) = c**3 - 5*c**2 - 7*c. Suppose -5*q = -2*q - 18. What is s(q)?
-6
Let f be (144/(-56))/(6/(-28)). Let s = f + -8. Let c(g) = -2*g**2 + 9*g - 10. Let w(r) = -r**2 + 4*r - 5. Let a(l) = 3*c(l) - 5*w(l). Determine a(s).
7
Let r(t) = -t + 1. Let z(h) = 7*h - 7. Let y(c) = -c**2 - 6*c + 6. Let l be y(-7). Let x(j) = l*z(j) - 6*r(j). Give x(3).
-2
Let w(q) = -q**3 - q**2 - 4*q + 2. Let y(b) = b**3 - b**2 + b + 1. Suppose 5*l = 15, -2*o = 2*o - 2*l + 14. Let t(p) = o*y(p) - w(p). Give t(4).
-12
Suppose -b + g = 0, -2*b = 4*g + 3 - 15. Let c be 4 + (-2)/b + 2. Let f(t) = -4 + 6 - 4 + 2*t. What is f(c)?
8
Let z(k) = -k**2 - 3 - 1 - 2*k**2 + 6*k**2 + 4*k. Let b(n) = -n**2 + n + 1. Let x(h) = 2*b(h) + z(h). Determine x(-6).
-2
Let t be (4/(-2))/((-4)/6). Suppose t*w = -3*k - 12, -3*k - 2*k + 10 = -w. Let u(y) = 8*y - 1. Give u(k).
7
Let s(h) = -h**2 + 8*h - 3. Let m(w) = w**2 - 7*w + 2. Let g(t) = 6*m(t) + 5*s(t). Let q(a) = -a. Let b be q(2). Calculate g(b).
5
Let a(f) = -f**3 + f**2 - f - 13. Let w = 59 - 59. Determine a(w).
-13
Let r(a) be the second derivative of -a**5/20 + 5*a**4/12 + a**3/3 - 3*a**2 + 10*a. Give r(5).
4
Let k(n) = 8*n + 1. Let v be k(1). Let l(c) = -c**2 + 8*c + 5. What is l(v)?
-4
Suppose 4*a - 2*a + 2*t + 6 = 0, 0 = 2*a + t + 8. Let u = -2 - a. Suppose -2*m - 3 = u*f, -f = 3*f - 4. Let j(g) = -g**2 - 2*g + 3. Determine j(m).
0
Let p(v) be the first derivative of -2*v**3/3 + 9*v**2/2 + 2*v - 1. Let u(m) = m**2 - 8*m - 2. Let x(n) = 2*p(n) + 3*u(n). Determine x(-5).
3
Let q be -3*2*(-40)/30. Let r(g) = -g**3 + 9*g**2 - 8*g + 2. Calculate r(q).
2
Let r(f) = -f**3 + 7*f**2 + 10*f - 7. Let b be 12/(-15) + 44/5. Determine r(b).
9
Let f(y) = y**2 - 5*y - 5. Let v be f(6). Let a(g) = -5*g + 1. Calculate a(v).
-4
Let r(u) = -2*u - 1. Let k be (-633)/(-6) + (-6)/4. Suppose 3*z = -z + k. Suppose 4*m + d = 9, 5*d - z = 4*m - 5*m. What is r(m)?
-3
Let h(j) = j**2 + 2*j + 3. Suppose 0*d = -3*d + 3. Let l be (6/(-9))/(d/6). Let r(a) = 2*a + 5. Let w be r(l). Calculate h(w).
6
Suppose -2*p = -p - 2. Let n(q) = 2*q**3 - 4*q**2 + 3*q - 1. Calculate n(p).
5
Let z(x) = 1 + 3*x + 8*x - 9*x. Give z(-4).
-7
Let a(c) = 0 + c**2 - 3 + 4 - 7*c. Let n = 2 - 7. Let f(l) = l**2 + 4*l + 1. Let o be f(n). Determine a(o).
-5
Let j = 0 + -2. Let b(d) = 0*d - 3*d + 0 + 2 + d. Give b(j).
6
Let o be ((-57)/(-6))/(-1)*-2. Let z be 1/5 + o/5. Let n(x) = 3*x - x**2 - 4*x + 3 - 6 - z*x. Give n(-4).
1
Let s(q) be the second derivative of -q**3/6 - 3*q**2/2 + 2*q. Let x(z) = 12 + 3*z + 2*z + 0*z. Let f(y) = 9*s(y) + 2*x(y). Calculate f(0).
-3
Let j(f) = f. Let l(k) = k**2 - 8*k + 1. Let c = -5 - -3. Let o(u) = c*j(u) - l(u). What is o(4)?
7
Suppose -2 = 5*w + 4*d, 2*w = 5*d - 8 - 6. Let k = -2 - w. Let y(m) = -m - 6. Determine y(k).
-6
Let v(z) be the first derivative of z**4/4 + 2*z**3 + 3*z**2/2 + 2*z - 4. Calculate v(-5).
12
Let r(h) be the second derivative of h**3/3 + 2*h**2 - 10*h. Give r(-5).
-6
Let p(m) be the second derivative of m**3/6 + 5*m**2/2 + 3*m. What is p(-4)?
1
Let s(i) = -4*i**2 + 3*i**2 + 22*i - 3*i**3 + 4*i**3 + 12 - 21*i. Determine s(0).
12
Suppose -4*y = -2*b - 2, -2*b + y + 7 = b. Suppose m + 3*h + 16 = 0, 5*m + b*h = -10 - 10. Let k(v) = 12*v**3 + 2*v + 1. Give k(m).
-13
Let x be 3 - (1 - (-6)/(-3)). Let z(p) = 4*p**2 + 2*p + 4. Let h(r) = -r**2. Let a(s) = 5*h(s) + z(s). Determine a(x).
-4
Let z = -4 - -3. Let q be 2*(0 + z)*-2. Let t(u) be the first derivative of -3*u**2/2 + 5*u + 20. Calculate t(q).
-7
Let t(l) = l**3 + 6*l**2 - l - 5. Let z be t(-6). Let q(x) = 8*x**2 + x - 1. Give q(z).
8
Let j = 8 - 6. Suppose j*q + q = 15. Suppose -3*g + 1 = -q. Let a(x) = x**2 - 1. Calculate a(g).
3
Suppose -2*k - 23 = -5*o, -k + 3*o = -o + 19. Let n(b) = -4*b**3 - b**2. Let d(j) = j**3 + j. Let w(v) = -d(v) - n(v). Determine w(k).
3
Let q(t) be the third derivative of 1/120*t**6 - 7*t**2 - 1/3*t**3 + 0 + 1/20*t**5 + 0*t + 0*t**4. Give q(-4).
-18
Let l(o) = o**2 - 2*o - 9. Let c be l(5). Let j(t) = -t + 4. Determine j(c).
-2
Let c be (24/42)/((-2)/(-21)). Let k(t) = t**3 - 5*t**2 - 9*t + 2. Determine k(c).
-16
Let p(u) = u**2 - 2*u + 1. Let b be p(3). Let c(t) = t**2 + 2 + 7*t**2 + t**3 - 3*t**2 - 9*t**2 - 2*t. Calculate c(b).
-6
Let u(r) = -r**3 - 5*r**2 - 2*r + 5. Let s(z) = 2*z**2 - 22*z + 15. Let v be s(10). What is u(v)?
15
Let b(t) = t + 7. Let u be b(0). Let k(h) = -4*h**2 + 1 - h - h + 0 + u*h**2. Determine k(1).
2
Let x(p) = p**2 - 5*p - 1. Suppose -2*q - 3*v - 19 = -45, -5*q + 65 = 2*v. Let i = 24 - 17. Let j = q - i. What is x(j)?
5
Let i = 13 + -24. Let x(a) = -7*a - 14. Let d(b) = -13*b - 27. Let s(k) = i*x(k) + 6*d(k). Calculate s(0).
-8
Let k(n) be the first derivative of -5*n + 1/3*n**3 + 2*n**2 - 2. Give k(-4).
-5
Suppose -m - 1 = 10. Let a(w) = 2*w**2 + 8*w - 7. Let z(h) = 3*h - 4. Let q(p) = -p**2 - p. Let x(k) = -q(k) + z(k). Let c(y) = m*x(y) + 6*a(y). Give c(-3).
-1
Let p(f) = f + 17. Let s be p(-15). Let u(c) = -3*c**s - 11*c**2 + 13*c**2. Suppose -25 = 4*r + r, 3*w + 5*r = -31. Determine u(w).
-4
Let v(z) = z**2 + 8. Let n be v(0). Suppose 4*g - 2*g + 6 = 0, -2*w + n = -4*g. Let r(p) = 4*p. Give r(w).
-8
Let q be (3 + -2)/(2/6). Let x(w) = w**2. Let f(d) = -d**3 - 4*d**2 + 2*d + 1. Let v(b) = q*x(b) + f(b). Give v(-1).
-1
Let o(q) = q**3 + q**2 - q - 2. Let d be ((-2)/(4/6))/1. Let c be ((-8)/6)/(2/d). Let n = c + 0. Determine o(n).
8
Let s(r) = -5*r**2 - 7*r + 1. Let x(j) = -6*j**2 - 7*j + 2. Let g(n) = 5*s(n) - 4*x(n). Determine g(-4).
9
Let a(w) = 8*w - 7. Let q(y) = 4*y - 4. Let d(t) = -3*a(t) + 5*q(t). Calculate d(7).
-27
Suppose 4*a - 4 + 0 = 0. Let y(j) = j - 11. Let m be y(8). Let d be (0 - 1)*a + m. Let z(v) = -v + 1. Calculate z(d).
5
Let h(q) = -q. Let r(z) = -z - 2*z + 0*z + 5*z. Let g = 0 + 1. Let i be r(g). What is h(i)?
-2
Let j(a) be the first derivative of a**4/4 + 5*a**3/3 - a**2/2 - 4*a + 8. Give j(-5).
1
Let h be 9/6 + 2/4. Let z be 2/(-6 + h + 2). Let t(o) = 5*o**2 + 1. Calculate t(z).
6
Let j(t) be the third derivative of t**6/120 - t**5/20 - t**4/24 + t**3/3 + 2*t**2 - 14*t. Let f be 1/((-2)/(-2)) + 1. Give j(f).
-4
Let y(t) = t**3 + 6*t**2 - 7*t - 9. Let n = -67 + 60. Determine y(n).
-9
Let a(i) be the second derivative of i**3/2 + 5*i**2/2 + 5*i. What is a(4)?
17
Let m(r) = -r**2 + 7. Let a(g) = -g**2 - 3*g - 1. Let w be a(-1). Let s = w + -1. Suppose s = -0*u + 3*u. Determine m(